e the prime factors of 63?
3, 7
List the prime factors of 46458.
2, 3, 29, 89
What are the prime factors of 51237?
3, 5693
List the prime factors of 2047.
23, 89
List the prime factors of 475.
5, 19
List the prime factors of 21.
3, 7
List the prime factors of 4611.
3, 29, 53
What are the prime factors of 46397?
13, 43, 83
List the prime factors of 310.
2, 5, 31
List the prime factors of 5600.
2, 5, 7
List the prime factors of 3403.
41, 83
List the prime factors of 453.
3, 151
List the prime factors of 2207.
2207
What are the prime factors of 8087?
8087
List the prime factors of 18897.
3, 6299
List the prime factors of 89375.
5, 11, 13
List the prime factors of 1884.
2, 3, 157
What are the prime factors of 7575?
3, 5, 101
What are the prime factors of 275?
5, 11
What are the prime factors of 833?
7, 17
What are the prime factors of 12205?
5, 2441
List the prime factors of 2128.
2, 7, 19
List the prime factors of 1228.
2, 307
What are the prime factors of 23975?
5, 7, 137
What are the prime factors of 2912?
2, 7, 13
What are the prime factors of 1536?
2, 3
List the prime factors of 111651.
3, 37217
List the prime factors of 2402.
2, 1201
What are the prime factors of 2214?
2, 3, 41
What are the prime factors of 3078?
2, 3, 19
List the prime factors of 5354.
2, 2677
List the prime factors of 11735.
5, 2347
List the prime factors of 14354.
2, 7177
What are the prime factors of 7431?
3, 2477
What are the prime factors of 5522?
2, 11, 251
What are the prime factors of 729?
3
List the prime factors of 14921.
43, 347
What are the prime factors of 175770?
2, 3, 5, 7, 31
What are the prime factors of 18970?
2, 5, 7, 271
List the prime factors of 86.
2, 43
List the prime factors of 103013.
31, 3323
List the prime factors of 26132.
2, 47, 139
List the prime factors of 40419.
3, 499
List the prime factors of 23279.
23279
What are the prime factors of 1449?
3, 7, 23
What are the prime factors of 4003?
4003
What are the prime factors of 116880?
2, 3, 5, 487
List the prime factors of 569.
569
What are the prime factors of 11065?
5, 2213
List the prime factors of 1349.
19, 71
What are the prime factors of 1469?
13, 113
What are the prime factors of 31610?
2, 5, 29, 109
What are the prime factors of 23403?
3, 29, 269
List the prime factors of 4209.
3, 23, 61
List the prime factors of 3896.
2, 487
List the prime factors of 17219.
67, 257
List the prime factors of 33012.
2, 3, 7, 131
What are the prime factors of 92065?
5, 18413
What are the prime factors of 48416?
2, 17, 89
What are the prime factors of 421?
421
What are the prime factors of 10972?
2, 13, 211
List the prime factors of 7803.
3, 17
List the prime factors of 3556.
2, 7, 127
What are the prime factors of 107638?
2, 53819
What are the prime factors of 155?
5, 31
List the prime factors of 53934.
2, 3, 89, 101
List the prime factors of 71861.
71861
What are the prime factors of 4394?
2, 13
What are the prime factors of 1921?
17, 113
What are the prime factors of 71?
71
What are the prime factors of 6027?
3, 7, 41
List the prime factors of 12996.
2, 3, 19
List the prime factors of 3311.
7, 11, 43
What are the prime factors of 413?
7, 59
List the prime factors of 11152.
2, 17, 41
What are the prime factors of 5890?
2, 5, 19, 31
List the prime factors of 55679.
13, 4283
List the prime factors of 5903.
5903
What are the prime factors of 13922?
2, 6961
List the prime factors of 1502.
2, 751
List the prime factors of 1211.
7, 173
List the prime factors of 7563.
3, 2521
What are the prime factors of 19511?
109, 179
List the prime factors of 3296.
2, 103
List the prime factors of 137633.
137633
List the prime factors of 7344.
2, 3, 17
What are the prime factors of 941?
941
What are the prime factors of 30165?
3, 5, 2011
What are the prime factors of 16160?
2, 5, 101
What are the prime factors of 89388?
2, 3, 13, 191
List the prime factors of 848.
2, 53
What are the prime factors of 8399?
37, 227
List the prime factors of 67449.
3, 22483
List the prime factors of 2439.
3, 271
List the prime factors of 7614.
2, 3, 47
List the prime factors of 48563.
48563
List the prime factors of 1627.
1627
What are the prime factors of 3215?
5, 643
What are the prime factors of 3136?
2, 7
List the prime factors of 2749.
2749
List the prime factors of 539.
7, 11
List the prime factors of 3229.
3229
What are the prime factors of 551?
19, 29
List the prime factors of 27210.
2, 3, 5, 907
List the prime factors of 6671.
7, 953
What are the prime factors of 31030?
2, 5, 29, 107
What are the prime factors of 19135?
5, 43, 89
What are the prime factors of 25225?
5, 1009
List the prime factors of 1150.
2, 5, 23
List the prime factors of 1922.
2, 31
List the prime factors of 120398.
2, 37, 1627
List the prime factors of 295.
5, 59
List the prime factors of 162774.
2, 3, 9043
What are the prime factors of 3699?
3, 137
List the prime factors of 2470.
2, 5, 13, 19
What are the prime factors of 4077?
3, 151
What are the prime factors of 93240?
2, 3, 5, 7, 37
List the prime factors of 48653.
11, 4423
What are the prime factors of 9381?
3, 53, 59
List the prime factors of 4817.
4817
List the prime factors of 6086.
2, 17, 179
List the prime factors of 22283.
22283
List the prime factors of 7760.
2, 5, 97
List the prime factors of 63072.
2, 3, 73
List the prime factors of 244.
2, 61
What are the prime factors of 297?
3, 11
What are the prime factors of 64714?
2, 13, 19, 131
List the prime factors of 2080.
2, 5, 13
What are the prime factors of 2642?
2, 1321
What are the prime factors of 55934?
2, 27967
What are the prime factors of 19576?
2, 2447
What are the prime factors of 9183?
3, 3061
What are the prime factors of 330?
2, 3, 5, 11
List the prime factors of 2618.
2, 7, 11, 17
List the prime factors of 1894.
2, 947
List the prime factors of 3548.
2, 887
What are the prime factors of 2552?
2, 11, 29
What are the prime factors of 3811?
37, 103
What are the prime factors of 76594?
2, 7, 5471
List the prime factors of 134719.
13, 43, 241
List the prime factors of 1800.
2, 3, 5
What are the prime factors of 3487?
11, 317
List the prime factors of 293.
293
List the prime factors of 164502.
2, 3, 13, 19, 37
What are the prime factors of 98722?
2, 13, 3797
List the prime factors of 397.
397
What are the prime factors of 9493?
11, 863
What are the prime factors of 155?
5, 31
List the prime factors of 3339.
3, 7, 53
List the prime factors of 211.
211
List the prime factors of 2560.
2, 5
List the prime factors of 476.
2, 7, 17
What are the prime factors of 102294?
2, 3, 5683
What are the prime factors of 7745?
5, 1549
What are the prime factors of 2440?
2, 5, 61
List the prime factors of 18481.
18481
What are the prime factors of 6150?
2, 3, 5, 41
List the prime factors of 5489.
11, 499
List the prime factors of 7291.
23, 317
List the prime factors of 5674.
2, 2837
What are the prime factors of 2566?
2, 1283
List the prime factors of 12238.
2, 29, 211
List the prime factors of 15293.
41, 373
What are the prime factors of 939?
3, 313
List the prime factors of 9471.
3, 7, 11, 41
List the prime factors of 1732.
2, 433
List the prime factors of 10916.
2, 2729
List the prime factors of 18448.
2, 1153
What are the prime factors of 13288?
2, 11, 151
What are the prime factors of 602?
2, 7, 43
List the prime factors of 12370.
2, 5, 1237
What are the prime factors of 21002?
2, 10501
What are the prime factors of 4113?
3, 457
What are the prime factors of 1792?
2, 7
What are the prime factors of 2391?
3, 797
What are the prime factors of 5020?
2, 5, 251
What are the prime factors of 74949?
3, 7, 43, 83
List the prime factors of 81.
3
What are the prime factors of 8802?
2, 3, 163
List the prime factors of 1188.
2, 3, 11
List the prime factors of 218.
2, 109
What are the prime factors of 5165?
5, 1033
List the prime factors of 1088.
2, 17
List the prime factors of 2651.
11, 241
List the prime factors of 788.
2, 197
What are the prime factors of 21957?
3, 13, 563
List the prime factors of 7197.
3, 2399
What are the prime factors of 3074?
2, 29, 53
What are the prime factors of 9252?
2, 3, 257
List the prime factors of 9646.
2, 7, 13, 53
What are the prime factors of 8227?
19, 433
What are the prime factors of 8276?
2, 2069
What are the prime factors of 721?
7,